{"id":31,"date":"2018-08-14T17:58:00","date_gmt":"2018-08-14T17:58:00","guid":{"rendered":"https:\/\/colaresadvocacia.com.br\/?page_id=31"},"modified":"2018-08-14T17:58:00","modified_gmt":"2018-08-14T17:58:00","slug":"objetivos","status":"publish","type":"page","link":"https:\/\/colaresadvocacia.com.br\/?page_id=31","title":{"rendered":"Objetivos"},"content":{"rendered":"<h3 class=\"text-center\">S\u00e3o objetivos da COLARES ADVOCACIA &#8211; ASSESSORIA E CONSULTORIA ESPECIALIZADA, perante seus clientes, parceiros, colaboradores e a sociedade<\/h3>\n<div class=\"panel panel-destaque1\">\n<div class=\"panel-heading\">\n  <\/div>\n<div class=\"panel-body\">\n<div class=\"container-large\">\n<div class=\"col-md-6\">\n<div class=\"pb-compo compo-list-with-icon\">\n<div class=\"compo-body compo-list-with-icon-body left\">\n<ul class=\"one-col\">\n<li>\n<h4>Competente<\/h4>\n<p>presta\u00e7\u00e3o de servi\u00e7os advocat\u00edcios aos nossos clientes.<\/p>\n<p><i class=\"fas fa-gavel bordered\" style=\"color:#2bc892;border-color:#2bc892;\"><\/i><\/li>\n<li>\n<h4>Profissionalismo<\/h4>\n<p>zelo e a da defesa dos interesses dos clientes.<\/p>\n<p><i class=\"fas fa-gavel bordered\" style=\"color:#2bc892;border-color:#2bc892;\"><\/i><\/li>\n<li>\n<h4>Dever de sigilo<\/h4>\n<p>e discri\u00e7\u00e3o quanto aos interesses de nossos constituintes.<\/p>\n<p><i class=\"fas fa-gavel bordered\" style=\"color:#2bc892;border-color:#2bc892;\"><\/i><\/li>\n<\/ul>\n<\/div>\n<\/div>\n<\/div>\n<div class=\"col-md-6\">\n<div class=\"pb-compo compo-list-with-icon\">\n<div class=\"compo-body compo-list-with-icon-body right\">\n<ul class=\"one-col\">\n<li>\n<h4>Pontualidade<\/h4>\n<p>seriedade e assiduidade na condu\u00e7\u00e3o de nossos servi\u00e7os.<\/p>\n<p><i class=\"fas fa-gavel bordered\" style=\"color:#2bc892;border-color:#2bc892;\"><\/i><\/li>\n<li>\n<h4>Rigor t\u00e9cnico<\/h4>\n<p>no proceder de nossos profissionais.<\/p>\n<p><i class=\"fas fa-gavel bordered\" style=\"color:#2bc892;border-color:#2bc892;\"><\/i><\/li>\n<li>\n<h4>Compatibilidade<\/h4>\n<p>custo-benef\u00edcio na cobran\u00e7a aos seus clientes com valores pagos dentro dos padr\u00f5es de Mercado.<\/p>\n<p><i class=\"fas fa-gavel bordered\" style=\"color:#2bc892;border-color:#2bc892;\"><\/i><\/li>\n<\/ul>\n<\/div>\n<\/div>\n<\/div><\/div>\n<\/p><\/div>\n<\/div>\n","protected":false},"excerpt":{"rendered":"<p>S\u00e3o objetivos da COLARES ADVOCACIA &#8211; ASSESSORIA E CONSULTORIA ESPECIALIZADA, perante seus clientes, parceiros, colaboradores e a sociedade Competente presta\u00e7\u00e3o de servi\u00e7os advocat\u00edcios aos nossos clientes. Profissionalismo zelo e a da defesa dos interesses dos clientes. Dever de sigilo e discri\u00e7\u00e3o quanto aos interesses de nossos constituintes. Pontualidade seriedade e assiduidade na condu\u00e7\u00e3o de nossos [&hellip;]<\/p>\n","protected":false},"author":2,"featured_media":0,"parent":0,"menu_order":0,"comment_status":"closed","ping_status":"closed","template":"","meta":{"footnotes":""},"yoast_head":"<!-- This site is optimized with the Yoast SEO plugin v26.1 - https:\/\/yoast.com\/wordpress\/plugins\/seo\/ -->\r\n<title>Objetivos - Colares Advocacia<\/title>\r\n<meta name=\"robots\" content=\"index, follow, max-snippet:-1, max-image-preview:large, max-video-preview:-1\" \/>\r\n<link rel=\"canonical\" href=\"https:\/\/colaresadvocacia.com.br\/?page_id=31\" \/>\r\n<meta property=\"og:locale\" content=\"pt_BR\" \/>\r\n<meta property=\"og:type\" content=\"article\" \/>\r\n<meta property=\"og:title\" content=\"Objetivos - Colares Advocacia\" \/>\r\n<meta property=\"og:description\" content=\"S\u00e3o objetivos da COLARES ADVOCACIA &#8211; ASSESSORIA E CONSULTORIA ESPECIALIZADA, perante seus clientes, parceiros, colaboradores e a sociedade Competente presta\u00e7\u00e3o de servi\u00e7os advocat\u00edcios aos nossos clientes. Profissionalismo zelo e a da defesa dos interesses dos clientes. Dever de sigilo e discri\u00e7\u00e3o quanto aos interesses de nossos constituintes. Pontualidade seriedade e assiduidade na condu\u00e7\u00e3o de nossos [&hellip;]\" \/>\r\n<meta property=\"og:url\" content=\"https:\/\/colaresadvocacia.com.br\/?page_id=31\" \/>\r\n<meta property=\"og:site_name\" content=\"Colares Advocacia\" \/>\r\n<meta name=\"twitter:card\" content=\"summary_large_image\" \/>\r\n<script type=\"application\/ld+json\" class=\"yoast-schema-graph\">{\"@context\":\"https:\/\/schema.org\",\"@graph\":[{\"@type\":\"WebPage\",\"@id\":\"https:\/\/colaresadvocacia.com.br\/?page_id=31\",\"url\":\"https:\/\/colaresadvocacia.com.br\/?page_id=31\",\"name\":\"Objetivos - Colares Advocacia\",\"isPartOf\":{\"@id\":\"https:\/\/colaresadvocacia.com.br\/#website\"},\"datePublished\":\"2018-08-14T17:58:00+00:00\",\"breadcrumb\":{\"@id\":\"https:\/\/colaresadvocacia.com.br\/?page_id=31#breadcrumb\"},\"inLanguage\":\"pt-BR\",\"potentialAction\":[{\"@type\":\"ReadAction\",\"target\":[\"https:\/\/colaresadvocacia.com.br\/?page_id=31\"]}]},{\"@type\":\"BreadcrumbList\",\"@id\":\"https:\/\/colaresadvocacia.com.br\/?page_id=31#breadcrumb\",\"itemListElement\":[{\"@type\":\"ListItem\",\"position\":1,\"name\":\"Home\",\"item\":\"https:\/\/colaresadvocacia.com.br\/\"},{\"@type\":\"ListItem\",\"position\":2,\"name\":\"Objetivos\"}]},{\"@type\":\"WebSite\",\"@id\":\"https:\/\/colaresadvocacia.com.br\/#website\",\"url\":\"https:\/\/colaresadvocacia.com.br\/\",\"name\":\"Colares Advocacia\",\"description\":\"\",\"publisher\":{\"@id\":\"https:\/\/colaresadvocacia.com.br\/#organization\"},\"potentialAction\":[{\"@type\":\"SearchAction\",\"target\":{\"@type\":\"EntryPoint\",\"urlTemplate\":\"https:\/\/colaresadvocacia.com.br\/?s={search_term_string}\"},\"query-input\":{\"@type\":\"PropertyValueSpecification\",\"valueRequired\":true,\"valueName\":\"search_term_string\"}}],\"inLanguage\":\"pt-BR\"},{\"@type\":\"Organization\",\"@id\":\"https:\/\/colaresadvocacia.com.br\/#organization\",\"name\":\"Colares Advocacia\",\"url\":\"https:\/\/colaresadvocacia.com.br\/\",\"logo\":{\"@type\":\"ImageObject\",\"inLanguage\":\"pt-BR\",\"@id\":\"https:\/\/colaresadvocacia.com.br\/#\/schema\/logo\/image\/\",\"url\":\"https:\/\/colaresadvocacia.com.br\/wp-content\/uploads\/2023\/01\/Logomarca-1.png\",\"contentUrl\":\"https:\/\/colaresadvocacia.com.br\/wp-content\/uploads\/2023\/01\/Logomarca-1.png\",\"width\":1920,\"height\":1920,\"caption\":\"Colares Advocacia\"},\"image\":{\"@id\":\"https:\/\/colaresadvocacia.com.br\/#\/schema\/logo\/image\/\"}}]}<\/script>\r\n<!-- \/ Yoast SEO plugin. -->","yoast_head_json":{"title":"Objetivos - Colares Advocacia","robots":{"index":"index","follow":"follow","max-snippet":"max-snippet:-1","max-image-preview":"max-image-preview:large","max-video-preview":"max-video-preview:-1"},"canonical":"https:\/\/colaresadvocacia.com.br\/?page_id=31","og_locale":"pt_BR","og_type":"article","og_title":"Objetivos - Colares Advocacia","og_description":"S\u00e3o objetivos da COLARES ADVOCACIA &#8211; ASSESSORIA E CONSULTORIA ESPECIALIZADA, perante seus clientes, parceiros, colaboradores e a sociedade Competente presta\u00e7\u00e3o de servi\u00e7os advocat\u00edcios aos nossos clientes. Profissionalismo zelo e a da defesa dos interesses dos clientes. Dever de sigilo e discri\u00e7\u00e3o quanto aos interesses de nossos constituintes. Pontualidade seriedade e assiduidade na condu\u00e7\u00e3o de nossos [&hellip;]","og_url":"https:\/\/colaresadvocacia.com.br\/?page_id=31","og_site_name":"Colares Advocacia","twitter_card":"summary_large_image","schema":{"@context":"https:\/\/schema.org","@graph":[{"@type":"WebPage","@id":"https:\/\/colaresadvocacia.com.br\/?page_id=31","url":"https:\/\/colaresadvocacia.com.br\/?page_id=31","name":"Objetivos - Colares Advocacia","isPartOf":{"@id":"https:\/\/colaresadvocacia.com.br\/#website"},"datePublished":"2018-08-14T17:58:00+00:00","breadcrumb":{"@id":"https:\/\/colaresadvocacia.com.br\/?page_id=31#breadcrumb"},"inLanguage":"pt-BR","potentialAction":[{"@type":"ReadAction","target":["https:\/\/colaresadvocacia.com.br\/?page_id=31"]}]},{"@type":"BreadcrumbList","@id":"https:\/\/colaresadvocacia.com.br\/?page_id=31#breadcrumb","itemListElement":[{"@type":"ListItem","position":1,"name":"Home","item":"https:\/\/colaresadvocacia.com.br\/"},{"@type":"ListItem","position":2,"name":"Objetivos"}]},{"@type":"WebSite","@id":"https:\/\/colaresadvocacia.com.br\/#website","url":"https:\/\/colaresadvocacia.com.br\/","name":"Colares Advocacia","description":"","publisher":{"@id":"https:\/\/colaresadvocacia.com.br\/#organization"},"potentialAction":[{"@type":"SearchAction","target":{"@type":"EntryPoint","urlTemplate":"https:\/\/colaresadvocacia.com.br\/?s={search_term_string}"},"query-input":{"@type":"PropertyValueSpecification","valueRequired":true,"valueName":"search_term_string"}}],"inLanguage":"pt-BR"},{"@type":"Organization","@id":"https:\/\/colaresadvocacia.com.br\/#organization","name":"Colares Advocacia","url":"https:\/\/colaresadvocacia.com.br\/","logo":{"@type":"ImageObject","inLanguage":"pt-BR","@id":"https:\/\/colaresadvocacia.com.br\/#\/schema\/logo\/image\/","url":"https:\/\/colaresadvocacia.com.br\/wp-content\/uploads\/2023\/01\/Logomarca-1.png","contentUrl":"https:\/\/colaresadvocacia.com.br\/wp-content\/uploads\/2023\/01\/Logomarca-1.png","width":1920,"height":1920,"caption":"Colares Advocacia"},"image":{"@id":"https:\/\/colaresadvocacia.com.br\/#\/schema\/logo\/image\/"}}]}},"_links":{"self":[{"href":"https:\/\/colaresadvocacia.com.br\/index.php?rest_route=\/wp\/v2\/pages\/31"}],"collection":[{"href":"https:\/\/colaresadvocacia.com.br\/index.php?rest_route=\/wp\/v2\/pages"}],"about":[{"href":"https:\/\/colaresadvocacia.com.br\/index.php?rest_route=\/wp\/v2\/types\/page"}],"author":[{"embeddable":true,"href":"https:\/\/colaresadvocacia.com.br\/index.php?rest_route=\/wp\/v2\/users\/2"}],"replies":[{"embeddable":true,"href":"https:\/\/colaresadvocacia.com.br\/index.php?rest_route=%2Fwp%2Fv2%2Fcomments&post=31"}],"version-history":[{"count":0,"href":"https:\/\/colaresadvocacia.com.br\/index.php?rest_route=\/wp\/v2\/pages\/31\/revisions"}],"wp:attachment":[{"href":"https:\/\/colaresadvocacia.com.br\/index.php?rest_route=%2Fwp%2Fv2%2Fmedia&parent=31"}],"curies":[{"name":"wp","href":"https:\/\/api.w.org\/{rel}","templated":true}]}}

<h3 class="text-center">São objetivos da COLARES ADVOCACIA &#8211; ASSESSORIA E CONSULTORIA ESPECIALIZADA, perante seus clientes, parceiros, colaboradores e a sociedade</h3>
<div class="panel panel-destaque1">
<div class="panel-heading">
  </div>
<div class="panel-body">
<div class="container-large">
<div class="col-md-6">
<div class="pb-compo compo-list-with-icon">
<div class="compo-body compo-list-with-icon-body left">
<ul class="one-col">
<li>
<h4>Competente</h4>
<p>prestação de serviços advocatícios aos nossos clientes.</p>
<p><i class="fas fa-gavel bordered" style="color:#2bc892;border-color:#2bc892;"></i></li>
<li>
<h4>Profissionalismo</h4>
<p>zelo e a da defesa dos interesses dos clientes.</p>
<p><i class="fas fa-gavel bordered" style="color:#2bc892;border-color:#2bc892;"></i></li>
<li>
<h4>Dever de sigilo</h4>
<p>e discrição quanto aos interesses de nossos constituintes.</p>
<p><i class="fas fa-gavel bordered" style="color:#2bc892;border-color:#2bc892;"></i></li>
</ul>
</div>
</div>
</div>
<div class="col-md-6">
<div class="pb-compo compo-list-with-icon">
<div class="compo-body compo-list-with-icon-body right">
<ul class="one-col">
<li>
<h4>Pontualidade</h4>
<p>seriedade e assiduidade na condução de nossos serviços.</p>
<p><i class="fas fa-gavel bordered" style="color:#2bc892;border-color:#2bc892;"></i></li>
<li>
<h4>Rigor técnico</h4>
<p>no proceder de nossos profissionais.</p>
<p><i class="fas fa-gavel bordered" style="color:#2bc892;border-color:#2bc892;"></i></li>
<li>
<h4>Compatibilidade</h4>
<p>custo-benefício na cobrança aos seus clientes com valores pagos dentro dos padrões de Mercado.</p>
<p><i class="fas fa-gavel bordered" style="color:#2bc892;border-color:#2bc892;"></i></li>
</ul>
</div>
</div>
</div></div>
</p></div>
</div>

<p>São objetivos da COLARES ADVOCACIA &#8211; ASSESSORIA E CONSULTORIA ESPECIALIZADA, perante seus clientes, parceiros, colaboradores e a sociedade Competente prestação de serviços advocatícios aos nossos clientes. Profissionalismo zelo e a da defesa dos interesses dos clientes. Dever de sigilo e discrição quanto aos interesses de nossos constituintes. Pontualidade seriedade e assiduidade na condução de nossos [&hellip;]</p>

<!-- This site is optimized with the Yoast SEO plugin v26.1 - https://yoast.com/wordpress/plugins/seo/ -->
<title>Objetivos - Colares Advocacia</title>
<meta name="robots" content="index, follow, max-snippet:-1, max-image-preview:large, max-video-preview:-1" />
<link rel="canonical" href="https://colaresadvocacia.com.br/?page_id=31" />
<meta property="og:locale" content="pt_BR" />
<meta property="og:type" content="article" />
<meta property="og:title" content="Objetivos - Colares Advocacia" />
<meta property="og:description" content="São objetivos da COLARES ADVOCACIA &#8211; ASSESSORIA E CONSULTORIA ESPECIALIZADA, perante seus clientes, parceiros, colaboradores e a sociedade Competente prestação de serviços advocatícios aos nossos clientes. Profissionalismo zelo e a da defesa dos interesses dos clientes. Dever de sigilo e discrição quanto aos interesses de nossos constituintes. Pontualidade seriedade e assiduidade na condução de nossos [&hellip;]" />
<meta property="og:url" content="https://colaresadvocacia.com.br/?page_id=31" />
<meta property="og:site_name" content="Colares Advocacia" />
<meta name="twitter:card" content="summary_large_image" />
<script type="application/ld+json" class="yoast-schema-graph">{"@context":"https://schema.org","@graph":[{"@type":"WebPage","@id":"https://colaresadvocacia.com.br/?page_id=31","url":"https://colaresadvocacia.com.br/?page_id=31","name":"Objetivos - Colares Advocacia","isPartOf":{"@id":"https://colaresadvocacia.com.br/#website"},"datePublished":"2018-08-14T17:58:00+00:00","breadcrumb":{"@id":"https://colaresadvocacia.com.br/?page_id=31#breadcrumb"},"inLanguage":"pt-BR","potentialAction":[{"@type":"ReadAction","target":["https://colaresadvocacia.com.br/?page_id=31"]}]},{"@type":"BreadcrumbList","@id":"https://colaresadvocacia.com.br/?page_id=31#breadcrumb","itemListElement":[{"@type":"ListItem","position":1,"name":"Home","item":"https://colaresadvocacia.com.br/"},{"@type":"ListItem","position":2,"name":"Objetivos"}]},{"@type":"WebSite","@id":"https://colaresadvocacia.com.br/#website","url":"https://colaresadvocacia.com.br/","name":"Colares Advocacia","description":"","publisher":{"@id":"https://colaresadvocacia.com.br/#organization"},"potentialAction":[{"@type":"SearchAction","target":{"@type":"EntryPoint","urlTemplate":"https://colaresadvocacia.com.br/?s={search_term_string}"},"query-input":{"@type":"PropertyValueSpecification","valueRequired":true,"valueName":"search_term_string"}}],"inLanguage":"pt-BR"},{"@type":"Organization","@id":"https://colaresadvocacia.com.br/#organization","name":"Colares Advocacia","url":"https://colaresadvocacia.com.br/","logo":{"@type":"ImageObject","inLanguage":"pt-BR","@id":"https://colaresadvocacia.com.br/#/schema/logo/image/","url":"https://colaresadvocacia.com.br/wp-content/uploads/2023/01/Logomarca-1.png","contentUrl":"https://colaresadvocacia.com.br/wp-content/uploads/2023/01/Logomarca-1.png","width":1920,"height":1920,"caption":"Colares Advocacia"},"image":{"@id":"https://colaresadvocacia.com.br/#/schema/logo/image/"}}]}</script>
<!-- / Yoast SEO plugin. -->

São objetivos da COLARES ADVOCACIA &#8211; ASSESSORIA E CONSULTORIA ESPECIALIZADA, perante seus clientes, parceiros, colaboradores e a sociedade Competente prestação de serviços advocatícios aos nossos clientes. Profissionalismo zelo e a da defesa dos interesses dos clientes. Dever de sigilo e discrição quanto aos interesses de nossos constituintes. Pontualidade seriedade e assiduidade na condução de nossos [&hellip;]
